 of y?
1
Let h(d) = d**2 + 5*d. Let f be h(-5). Suppose 3*a + 3 + 15 = f. Let m = a - -7. What is the units digit of m?
1
Let s = -1 - 2. Let g = 16 + s. What is the tens digit of g?
1
Suppose -6*r = -r + 225. What is the units digit of (-1 + r/(-6))*2?
3
Let o = 10 - 9. What is the tens digit of (36 - 4) + (0 - o)?
3
Suppose -2*d + 10 = -4*p - d, 5*p + 2*d + 6 = 0. Let i(y) = y**2 + 1. What is the units digit of i(p)?
5
Let b be (-234 - 3)/(-3) - -1. Suppose 0 = 5*y - 190 + b. What is the units digit of y?
2
Let k = 2 - 1. Let f = k + 0. What is the units digit of (1 + -1)/(-1) + f?
1
Suppose 0 = 5*j - 3*j - 2. Suppose 0 = -t - j + 32. What is the units digit of t?
1
Let y(z) = z**3 - 8*z**2 - 6*z - 7. What is the tens digit of y(9)?
2
Let d(h) = 2*h - 3 + 0*h - 5. Let l be d(6). Suppose 0*t = l*t - 2*f - 30, -2*f = t. What is the units digit of t?
6
Let o(t) = 25*t**2 - 11*t - 14. What is the hundreds digit of o(-3)?
2
What is the units digit of 3 + -5 - -1 - -2?
1
Let v(g) = -g**3 + 14*g**2 + 17*g - 14. What is the units digit of v(15)?
6
Let z = -8 + 12. Let r(y) be the first derivative of -y**4/4 + y**3 + 3*y**2/2 + 5*y + 3. What is the units digit of r(z)?
1
Let l(z) = -z**3 + z**2 + z - 1. Let m be l(1). Suppose 7*t - 3*t = m. Suppose t = 2*i + i - 33. What is the tens digit of i?
1
Let o be 26/(0 - -2) + -1. Let d = o - 10. Suppose -d*x = -7*x + 55. What is the tens digit of x?
1
Let x be (2/3)/(1/99). Suppose -x = -3*g - 0*g. What is the tens digit of g?
2
Let h = 24 - 14. Suppose -4*v - v = -h. What is the units digit of 3 + 2 + 2/v?
6
Suppose -4*c = 4*p - 13 - 7, -14 = -2*p - 4*c. Suppose -p*k = 3*u - 6*k - 63, -5*u + 90 = -2*k. What is the tens digit of u?
1
Let o(x) be the second derivative of -5/2*x**2 - 1/3*x**3 + 0 + 3*x. What is the tens digit of o(-8)?
1
What is the units digit of (5 + 7)*2/3?
8
Suppose 3*c + 13 = -0*x - 2*x, -4*x - 27 = 5*c. Let z = x + 20. What is the tens digit of z?
1
Suppose 0*h - 140 = -4*h. What is the units digit of h?
5
Suppose -3*x = -10 - 5. Let d(f) = 2*f**2 - 5*f - 1. What is the tens digit of d(x)?
2
Suppose 3*l = 13 - 4. Suppose -l*i = 2*i - 10. What is the tens digit of i/12 + 295/30?
1
Let h be (-3)/(-2 + 33/18). Let p be 16/9 - (-4)/h. What is the units digit of -3 + p + (8 - 1)?
6
What is the tens digit of (4 - 0)*(2 - (-86)/8)?
5
Suppose u - 13 = -0. Suppose -u = -f - 0*f. Let x = 22 - f. What is the units digit of x?
9
Let n(y) = -13*y - 49. What is the units digit of n(-16)?
9
What is the units digit of (-3)/((-12)/164) - -2?
3
Suppose 2*h + h - 30 = -4*l, -2 = l - 4*h. Let i = l + -3. What is the units digit of i?
3
Suppose 4 - 11 = b. Let j = b - -21. Suppose -4*r - j = -46. What is the units digit of r?
8
Suppose 2*d = 5*r - 0 + 10, 2*d - 3*r = 2. Let t be (-96)/(-40) - (-2)/d. Suppose 5*c - t*c = 30. What is the tens digit of c?
1
What is the tens digit of 0 + (-136 - -4)/(-2)?
6
Let k = 8 - 4. Suppose -k*u + 14 = 3*v - 23, -5*v + 4*u + 83 = 0. What is the units digit of v?
5
Suppose -p - 50 = -2*y, 3*y - 5*y + 60 = 4*p. What is the tens digit of y?
2
Let b = -10 + 2. Let l = b - -5. Let a = l + 11. What is the units digit of a?
8
Suppose 2*s = 3*s + 2*o + 8, -3*o = 15. Suppose 0 = g - 5*x - 35 + 11, s*x = -5*g + 120. What is the units digit of g?
4
Let f be (-1 + 0 + 0)*2. Let r(k) = -k**3 + 4*k**2 + 7*k - 1. Let h be r(5). Let i = f + h. What is the units digit of i?
7
Suppose 0*t = 3*t + 84. Let b be 24/14 + (-8)/t. Suppose b = v - 1. What is the units digit of v?
3
Suppose 2*s = 5*f - 169 - 40, -3*s - 120 = -3*f. What is the units digit of f?
3
Suppose 3*l - 13 = -4. Suppose 0 = -4*b + 8. Suppose -y = -l*c - 2 - b, 4*y = -4*c + 64. What is the tens digit of y?
1
Let x = 27 + -9. What is the units digit of x?
8
Let q be (-32)/20*(-1 - 4). Suppose -4*o - q = 3*s, 2*o + 4 = -s - 3*s. What is the units digit of 7 + -3 + (-2 - o)?
4
Suppose -3*h + 115 = 2*h. What is the tens digit of h?
2
Suppose 2*b + 3*b - 15 = 5*s, 4*s = 5*b - 15. Suppose b*z - 15 = -0. Suppose -z*m = -4*u - 2, m + 4 = 4*u - m. What is the units digit of u?
2
Let l = -13 + 12. What is the tens digit of l*(-27 - (-6)/(-2))?
3
Suppose 2*q = -0*q. Suppose q = -4*p + p + 54. What is the tens digit of p?
1
Suppose -25 = -5*w, 0*x = -3*x + 3*w - 3. Suppose x*l = 5*l - 13. What is the units digit of l?
3
Let z be 1*(4 + 1 + 2). Let v = z + -7. Suppose 5*c - 100 + 40 = v. What is the tens digit of c?
1
Suppose 3*b + 3*f - f - 506 = 0, 4*b - f = 693. What is the tens digit of (b/2)/(-2)*-1?
4
Let h(j) = 6*j**2 + 4*j + 2. Suppose -6 = p - 4. Let x be h(p). What is the units digit of -2 - x/(-3*1)?
4
Let z(s) = 37*s - 40. What is the hundreds digit of z(9)?
2
Suppose -k + 0*k = -36. What is the tens digit of k?
3
Suppose h = -3*s + 3 + 4, -2*s + 2*h + 10 = 0. Suppose 9*q + s = 12*q. What is the units digit of q?
1
Let f(p) = p**3 - 4*p**2 + 2*p. Suppose 12 = -0*m + 3*m. Let x = 0 + m. What is the units digit of f(x)?
8
Let n(p) = -17*p**2 + 9*p + 45*p**3 - 44*p**3 - 16 - 8*p + 18*p. What is the tens digit of n(16)?
3
Let w be ((2 - 0) + 4)*2. Suppose -h - 48 = -w. What is the units digit of h/10*(-5)/2?
9
Suppose -8 = 2*o - 0*o. Let v = 9 + o. Suppose -17 = v*f - 57. What is the units digit of f?
8
Let t(y) = -2*y - 9. Let j be t(-6). Suppose -19*l + 175 = -14*l. Suppose j*r - 2*c - 27 = 0, 2*r + 2*r - l = 3*c. What is the tens digit of r?
1
Suppose -5*p - 390 = -2*u, -2*u - 5*p + 476 = 106. What is the units digit of u?
0
Suppose -4*g + 579 = 35. What is the tens digit of g?
3
Let c(t) = t**3 - 4*t**2 - 2*t + 2. Let h(p) = -p - 2. Let n be h(-4). Suppose n*f - 6 = 4. What is the tens digit of c(f)?
1
Let n(d) = -d**2 + 9*d - 4. Let k be n(6). What is the units digit of (-4)/(-14) + 24/k?
2
Let l = 0 - -2. Suppose f + 2 = 3*k + 19, -26 = -l*f + 2*k. What is the units digit of f?
1
Let d = -17 + 13. Let r(c) be the third derivative of c**6/120 + c**5/15 - c**4/12 - c**3/3 - c**2. What is the units digit of r(d)?
6
Let c(b) = -b**2 + 9*b - 10. Let h be c(7). Suppose 13 = 5*s - h*s. What is the tens digit of s?
1
What is the tens digit of (-1)/(0 - (-5)/(-515))?
0
Let p(u) = 2*u**3 - 2*u**2 - u. Let h be p(2). Suppose 4*q - 22 = 3*y, 2*q - 16 = -2*y - 3*q. Let b = h + y. What is the units digit of b?
4
Let l(f) = f**2 + 2. Suppose 0 = 4*w - 10 + 42. Let v = -6 - w. What is the units digit of l(v)?
6
Let m = -5 - -37. Let c = m + -11. What is the units digit of c?
1
Let c = -1 - 3. Let z(i) = -i**2 - 6*i - 6. Let l be z(c). Suppose -l*t + 9 = 3*v, -2*v - v = -t. What is the units digit of t?
3
Let p = -3 - -2. What is the tens digit of p/(-2) + 171/6?
2
Let t(a) = a**3 - 6*a**2 + 3*a + 6. Let o be t(5). Let d = o + 8. Let x = d + -2. What is the units digit of x?
2
Let c(p) = -p**3 - p**2 - 6*p. What is the units digit of c(-4)?
2
Suppose 0 = r - 2. What is the units digit of r?
2
Let g = -5 - -2. Let t = -2 - g. Let p = 6 - t. What is the units digit of p?
5
Let k = 10 + 4. What is the units digit of k?
4
Let o(p) = p**2 + p. Let n = 59 - 31. Suppose 5*s + n - 8 = 0. What is the units digit of o(s)?
2
Suppose -z + 30 = -3*m, -5*m - 9 = -2*m. What is the tens digit of z?
2
Let s be ((-1)/2 + -1)*6. Let p = 6 - 4. What is the units digit of (-2 - s) + (2 - p)?
7
Let r = -12 + 21. What is the units digit of r?
9
Let w(n) = -n**3 - 7*n**2 - 7*n - 4. Let f be w(-6). Suppose f = -2*l + 4. What is the units digit of l?
1
Suppose 8*a = 16*a - 768. What is the units digit of a?
6
Let c(b) = -43*b - 1. Let r(q) = q**3 - 5*q**2 + q - 3. Let d be r(5). Let n be c(d). What is the units digit of n/(-9) - 5/(-15)?
0
Let w be (-4)/(-14) - 14/49. What is the tens digit of (w + -1)*(-26)/2?
1
Let l(f) = 103*f - 7. What is the hundreds digit of l(2)?
1
Suppose -7*b = -0*b - 343. What is the units digit of b?
9
Suppose b + 2 = -7. Let x = -25 - b. Let i = -8 - x. What is the units digit of i?
8
Suppose -3*i - i + 5*u + 379 = 0, -i - 4*u + 100 = 0. What is the tens digit of i?
9
Let w(t) = -t**3 - 3*t**2 + 4*t + 2. Let i be w(-4). Let q = i + -1. What is the units digit of q?
1
Let c(g) = 2*g**2 + 6*g - 7. Let w be c(-7). Suppose q + 3*q - 140 = 0. Suppose 5*f - s = q, -s = -4*f + 4*s + w. What is the units digit of f?
6
Let l = -325 + 518. Wha